{"id":25396,"date":"2024-02-14T15:56:58","date_gmt":"2024-02-14T13:56:58","guid":{"rendered":"https:\/\/pohjanmaantehtaanmyymala.fi\/?post_type=product&#038;p=25396"},"modified":"2024-09-23T12:51:44","modified_gmt":"2024-09-23T10:51:44","slug":"emil-nojatuoli-perfect-harmony-kankaalla","status":"publish","type":"product","link":"https:\/\/pohjanmaantehtaanmyymala.fi\/sv\/tuote\/emil-nojatuoli-perfect-harmony-kankaalla\/","title":{"rendered":"Emil-nojatuoli Perfect Harmony-kankaalla"},"content":{"rendered":"<p>Emil nojatuoli sopii vaivatta mihin tahansa sisustukseen, tarjoten samalla huippuluokan mukavuutta. Korkeilla jaloillaan se ei ole tiell\u00e4 siivouksen aikana ja antaa huoneelle raikkaan ilmeen. T\u00e4m\u00e4 nojatuoli on hyv\u00e4 vaihtoehto kun haluat tuoda kotiisi sek\u00e4 tyylikkyytt\u00e4 ett\u00e4 k\u00e4yt\u00e4nn\u00f6llisyytt\u00e4! Voit hankkia my\u00f6s samalla kankaalla verhoiltu rahi nojatuolin kaveriksi!<\/p>\n<p>T\u00e4m\u00e4 tuote on saatavilla kauniilla Perfect Harmony-kankaalla joka lis\u00e4\u00e4 tilaan valoisuutta ja eleganttia. Valittavissa usea v\u00e4rivaihtoehto.<\/p>\n<h3>Tuotetiedot:<\/h3>\n<p>Leveys 76 cm, Syvyys 84 cm, Korkeus 110 cm<br \/>\nIstuinsyvyys 47 cm, Istuinkorkeus 44 cm<br \/>\nRunko: Massiivipuuta ja koivuvaneria<br \/>\nJousitus: Nozag-jouset<br \/>\nPehmusteet: Istuin HR35 vaahtomuovi, selk\u00e4noja EP25 vaahtomuovi.<\/p>\n","protected":false},"excerpt":{"rendered":"<p>Moderni, ajaton ja mukava nojatuoli rentoutumiseen!<\/p>\n","protected":false},"featured_media":25383,"comment_status":"closed","ping_status":"closed","template":"","meta":{"_acf_changed":false,"jetpack_post_was_ever_published":false,"jetpack_publicize_message":"","jetpack_publicize_feature_enabled":true,"jetpack_social_post_already_shared":true,"jetpack_social_options":{"image_generator_settings":{"template":"highway","default_image_id":0,"font":"","enabled":false},"version":2}},"product_brand":[208],"product_cat":[195],"product_tag":[],"class_list":{"0":"post-25396","1":"product","2":"type-product","3":"status-publish","4":"has-post-thumbnail","6":"product_brand-ermatiko","7":"product_cat-lepotuolit-ja-rahit","8":"pa_vari-harmaa","9":"pa_vari-ruskea","10":"pa_vari-tummanharmaa","11":"pa_vari-valkoinen","13":"first","14":"instock","15":"sale","16":"shipping-taxable","17":"purchasable","18":"product-type-variable","19":"has-default-attributes"},"acf":[],"jetpack_publicize_connections":[],"jetpack_sharing_enabled":true,"jetpack-related-posts":[{"id":25401,"url":"https:\/\/pohjanmaantehtaanmyymala.fi\/sv\/tuote\/emil-nojatuoli-raisa-kankaalla\/","url_meta":{"origin":25396,"position":0},"title":"Emil-nojatuoli Raisa-kankaalla","author":"Miro Nevala","date":"februari 14, 2024","format":false,"excerpt":"Moderni ja mukava nojatuoli rentoutumiseen. Valitse v\u00e4ri!","rel":"","context":"Liknande produkt","block_context":{"text":"Liknande produkt","link":""},"img":{"alt_text":"Emil tuoli Raisa kankaalla v\u00e4ri vaalea","src":"https:\/\/i0.wp.com\/pohjanmaantehtaanmyymala.fi\/wp-content\/uploads\/2024\/02\/Emil-tuoli-Raisa-kangas-960dpi.jpg?fit=960%2C960&ssl=1&resize=350%2C200","width":350,"height":200,"srcset":"https:\/\/i0.wp.com\/pohjanmaantehtaanmyymala.fi\/wp-content\/uploads\/2024\/02\/Emil-tuoli-Raisa-kangas-960dpi.jpg?fit=960%2C960&ssl=1&resize=350%2C200 1x, https:\/\/i0.wp.com\/pohjanmaantehtaanmyymala.fi\/wp-content\/uploads\/2024\/02\/Emil-tuoli-Raisa-kangas-960dpi.jpg?fit=960%2C960&ssl=1&resize=525%2C300 1.5x, https:\/\/i0.wp.com\/pohjanmaantehtaanmyymala.fi\/wp-content\/uploads\/2024\/02\/Emil-tuoli-Raisa-kangas-960dpi.jpg?fit=960%2C960&ssl=1&resize=700%2C400 2x"},"classes":[]},{"id":25299,"url":"https:\/\/pohjanmaantehtaanmyymala.fi\/sv\/tuote\/emil-nojatuoli-ja-rahi-raisa-kankaalla\/","url_meta":{"origin":25396,"position":1},"title":"Emil-nojatuoli ja rahi Raisa-kankaalla","author":"Miro Nevala","date":"mars 15, 2024","format":false,"excerpt":"Moderni, ajaton ja mukava nojatuoli ja rahi rentoutumiseen. Valitse v\u00e4ri!","rel":"","context":"Liknande produkt","block_context":{"text":"Liknande produkt","link":""},"img":{"alt_text":"Emil tuoli ja rahi Raisa kankaalla v\u00e4ri vaalea","src":"https:\/\/i0.wp.com\/pohjanmaantehtaanmyymala.fi\/wp-content\/uploads\/2024\/02\/Emil-tuoli-ja-rahi-Raisa-kangas-960dpi.jpg?fit=960%2C960&ssl=1&resize=350%2C200","width":350,"height":200,"srcset":"https:\/\/i0.wp.com\/pohjanmaantehtaanmyymala.fi\/wp-content\/uploads\/2024\/02\/Emil-tuoli-ja-rahi-Raisa-kangas-960dpi.jpg?fit=960%2C960&ssl=1&resize=350%2C200 1x, https:\/\/i0.wp.com\/pohjanmaantehtaanmyymala.fi\/wp-content\/uploads\/2024\/02\/Emil-tuoli-ja-rahi-Raisa-kangas-960dpi.jpg?fit=960%2C960&ssl=1&resize=525%2C300 1.5x, https:\/\/i0.wp.com\/pohjanmaantehtaanmyymala.fi\/wp-content\/uploads\/2024\/02\/Emil-tuoli-ja-rahi-Raisa-kangas-960dpi.jpg?fit=960%2C960&ssl=1&resize=700%2C400 2x"},"classes":[]},{"id":25372,"url":"https:\/\/pohjanmaantehtaanmyymala.fi\/sv\/tuote\/emil-nojatuoli-ja-rahi\/","url_meta":{"origin":25396,"position":2},"title":"Emil-nojatuoli ja rahi","author":"Miro Nevala","date":"februari 14, 2024","format":false,"excerpt":"Moderni, ajaton ja mukava nojatuoli ja rahi rentoutumiseen!","rel":"","context":"Liknande produkt","block_context":{"text":"Liknande produkt","link":""},"img":{"alt_text":"Emil tuoli ja rahi tumma","src":"https:\/\/i0.wp.com\/pohjanmaantehtaanmyymala.fi\/wp-content\/uploads\/2024\/02\/Emil-tuolirahi-fusion-960dpi.jpg?fit=960%2C960&ssl=1&resize=350%2C200","width":350,"height":200,"srcset":"https:\/\/i0.wp.com\/pohjanmaantehtaanmyymala.fi\/wp-content\/uploads\/2024\/02\/Emil-tuolirahi-fusion-960dpi.jpg?fit=960%2C960&ssl=1&resize=350%2C200 1x, https:\/\/i0.wp.com\/pohjanmaantehtaanmyymala.fi\/wp-content\/uploads\/2024\/02\/Emil-tuolirahi-fusion-960dpi.jpg?fit=960%2C960&ssl=1&resize=525%2C300 1.5x, https:\/\/i0.wp.com\/pohjanmaantehtaanmyymala.fi\/wp-content\/uploads\/2024\/02\/Emil-tuolirahi-fusion-960dpi.jpg?fit=960%2C960&ssl=1&resize=700%2C400 2x"},"classes":[]},{"id":25036,"url":"https:\/\/pohjanmaantehtaanmyymala.fi\/sv\/tuote\/maya-tuoli-perfect-harmony-kankaalla\/","url_meta":{"origin":25396,"position":3},"title":"Maya tuoli Perfect-harmony-kankaalla","author":"Miro Nevala","date":"februari 8, 2024","format":false,"excerpt":"Maya lepotuoli \u2013 Py\u00f6riv\u00e4 uutuus. Ylellinen mukavuus, tyylik\u00e4s design.","rel":"","context":"Liknande produkt","block_context":{"text":"Liknande produkt","link":""},"img":{"alt_text":"Maya tuoli perfect harmony kankaalla valkoinen","src":"https:\/\/i0.wp.com\/pohjanmaantehtaanmyymala.fi\/wp-content\/uploads\/2024\/02\/Maya-tuoli-perfect-irrotettu-2.jpg?fit=960%2C960&ssl=1&resize=350%2C200","width":350,"height":200,"srcset":"https:\/\/i0.wp.com\/pohjanmaantehtaanmyymala.fi\/wp-content\/uploads\/2024\/02\/Maya-tuoli-perfect-irrotettu-2.jpg?fit=960%2C960&ssl=1&resize=350%2C200 1x, https:\/\/i0.wp.com\/pohjanmaantehtaanmyymala.fi\/wp-content\/uploads\/2024\/02\/Maya-tuoli-perfect-irrotettu-2.jpg?fit=960%2C960&ssl=1&resize=525%2C300 1.5x, https:\/\/i0.wp.com\/pohjanmaantehtaanmyymala.fi\/wp-content\/uploads\/2024\/02\/Maya-tuoli-perfect-irrotettu-2.jpg?fit=960%2C960&ssl=1&resize=700%2C400 2x"},"classes":[]},{"id":22939,"url":"https:\/\/pohjanmaantehtaanmyymala.fi\/sv\/tuote\/jazz-recliner-nojatuoli\/","url_meta":{"origin":25396,"position":4},"title":"Jazz recliner nojatuoli","author":"Sami Viitala","date":"maj 11, 2023","format":false,"excerpt":"Siron mallinen Jazz recliner tuoli py\u00f6riv\u00e4ll\u00e4 ja keinuvalla mekanismilla sopii mainiosti tv:n katseluun. Tuolissa on k\u00e4tev\u00e4 mekanismi, kahvasta k\u00e4\u00e4nt\u00e4m\u00e4ll\u00e4 avautuu jalkarahi ja silloin saa my\u00f6s selk\u00e4nojaa kallistettua taakse p\u00e4in. Tuoli on verhoiltu Suma-kankaalla. Puurungolle valmistajan takuu 20-vuotta mekanismille 2-vuotta. Istuin t\u00e4ytteen\u00e4 vaahtomuovi selk\u00e4osassa ja k\u00e4sinojissa vaahtomuovi\/vanu. T\u00e4m\u00e4 tuotteen voi tilata\u2026","rel":"","context":"Liknande produkt","block_context":{"text":"Liknande produkt","link":""},"img":{"alt_text":"Jazz recliner nojatuoli harmaa Suma-kangas","src":"https:\/\/i0.wp.com\/pohjanmaantehtaanmyymala.fi\/wp-content\/uploads\/2023\/05\/Jazz-recliner-Suma-17-etusivu.jpg?fit=960%2C960&ssl=1&resize=350%2C200","width":350,"height":200,"srcset":"https:\/\/i0.wp.com\/pohjanmaantehtaanmyymala.fi\/wp-content\/uploads\/2023\/05\/Jazz-recliner-Suma-17-etusivu.jpg?fit=960%2C960&ssl=1&resize=350%2C200 1x, https:\/\/i0.wp.com\/pohjanmaantehtaanmyymala.fi\/wp-content\/uploads\/2023\/05\/Jazz-recliner-Suma-17-etusivu.jpg?fit=960%2C960&ssl=1&resize=525%2C300 1.5x, https:\/\/i0.wp.com\/pohjanmaantehtaanmyymala.fi\/wp-content\/uploads\/2023\/05\/Jazz-recliner-Suma-17-etusivu.jpg?fit=960%2C960&ssl=1&resize=700%2C400 2x"},"classes":[]},{"id":9480,"url":"https:\/\/pohjanmaantehtaanmyymala.fi\/sv\/tuote\/uno-nojatuoli\/","url_meta":{"origin":25396,"position":5},"title":"UNO-deluxe nojatuoli, tarjous","author":"petri","date":"september 14, 2019","format":false,"excerpt":"Uno -nojatuoli on eritt\u00e4in hyv\u00e4 istua ja siksi niin suosittu. Tuolissa aina niskatyyny jonka saa helposti irrotettua tarvittaessa. Pehmusteena k\u00e4ytetty laadukasta vaahtomuovia. Myyniss\u00e4 varastoer\u00e4 verhoiltuna Austin -kankailla, v\u00e4rit 18 ja 19. Puuosien v\u00e4ri on wenge. Uno Deluxe-tuolia on saatavana tilausmyyntin\u00e4 liikkeest\u00e4mme my\u00f6s eri kankailla ja nahkalla. Uno-mallistosta l\u00f6ytyy my\u00f6s matala\u2026","rel":"","context":"Liknande produkt","block_context":{"text":"Liknande produkt","link":""},"img":{"alt_text":"Pohjanmaan Uno korkea nojatuoli Delux, Austin vaaleanharmaa kangas","src":"https:\/\/i0.wp.com\/pohjanmaantehtaanmyymala.fi\/wp-content\/uploads\/2019\/09\/Pohjanmaan_Uno_Deluxe_nojatuoli_austin.jpg?fit=960%2C960&ssl=1&resize=350%2C200","width":350,"height":200,"srcset":"https:\/\/i0.wp.com\/pohjanmaantehtaanmyymala.fi\/wp-content\/uploads\/2019\/09\/Pohjanmaan_Uno_Deluxe_nojatuoli_austin.jpg?fit=960%2C960&ssl=1&resize=350%2C200 1x, https:\/\/i0.wp.com\/pohjanmaantehtaanmyymala.fi\/wp-content\/uploads\/2019\/09\/Pohjanmaan_Uno_Deluxe_nojatuoli_austin.jpg?fit=960%2C960&ssl=1&resize=525%2C300 1.5x, https:\/\/i0.wp.com\/pohjanmaantehtaanmyymala.fi\/wp-content\/uploads\/2019\/09\/Pohjanmaan_Uno_Deluxe_nojatuoli_austin.jpg?fit=960%2C960&ssl=1&resize=700%2C400 2x"},"classes":[]}],"_links":{"self":[{"href":"https:\/\/pohjanmaantehtaanmyymala.fi\/sv\/wp-json\/wp\/v2\/product\/25396","targetHints":{"allow":["GET"]}}],"collection":[{"href":"https:\/\/pohjanmaantehtaanmyymala.fi\/sv\/wp-json\/wp\/v2\/product"}],"about":[{"href":"https:\/\/pohjanmaantehtaanmyymala.fi\/sv\/wp-json\/wp\/v2\/types\/product"}],"replies":[{"embeddable":true,"href":"https:\/\/pohjanmaantehtaanmyymala.fi\/sv\/wp-json\/wp\/v2\/comments?post=25396"}],"wp:featuredmedia":[{"embeddable":true,"href":"https:\/\/pohjanmaantehtaanmyymala.fi\/sv\/wp-json\/wp\/v2\/media\/25383"}],"wp:attachment":[{"href":"https:\/\/pohjanmaantehtaanmyymala.fi\/sv\/wp-json\/wp\/v2\/media?parent=25396"}],"wp:term":[{"taxonomy":"product_brand","embeddable":true,"href":"https:\/\/pohjanmaantehtaanmyymala.fi\/sv\/wp-json\/wp\/v2\/product_brand?post=25396"},{"taxonomy":"product_cat","embeddable":true,"href":"https:\/\/pohjanmaantehtaanmyymala.fi\/sv\/wp-json\/wp\/v2\/product_cat?post=25396"},{"taxonomy":"product_tag","embeddable":true,"href":"https:\/\/pohjanmaantehtaanmyymala.fi\/sv\/wp-json\/wp\/v2\/product_tag?post=25396"}],"curies":[{"name":"wp","href":"https:\/\/api.w.org\/{rel}","templated":true}]}}

<p>Emil nojatuoli sopii vaivatta mihin tahansa sisustukseen, tarjoten samalla huippuluokan mukavuutta. Korkeilla jaloillaan se ei ole tiellä siivouksen aikana ja antaa huoneelle raikkaan ilmeen. Tämä nojatuoli on hyvä vaihtoehto kun haluat tuoda kotiisi sekä tyylikkyyttä että käytännöllisyyttä! Voit hankkia myös samalla kankaalla verhoiltu rahi nojatuolin kaveriksi!</p>
<p>Tämä tuote on saatavilla kauniilla Perfect Harmony-kankaalla joka lisää tilaan valoisuutta ja eleganttia. Valittavissa usea värivaihtoehto.</p>
<h3>Tuotetiedot:</h3>
<p>Leveys 76 cm, Syvyys 84 cm, Korkeus 110 cm<br />
Istuinsyvyys 47 cm, Istuinkorkeus 44 cm<br />
Runko: Massiivipuuta ja koivuvaneria<br />
Jousitus: Nozag-jouset<br />
Pehmusteet: Istuin HR35 vaahtomuovi, selkänoja EP25 vaahtomuovi.</p>

Moderni ja mukava nojatuoli rentoutumiseen. Valitse väri!

Emil tuoli Raisa kankaalla väri vaalea

Moderni, ajaton ja mukava nojatuoli ja rahi rentoutumiseen. Valitse väri!

Emil tuoli ja rahi Raisa kankaalla väri vaalea

Maya lepotuoli – Pyörivä uutuus. Ylellinen mukavuus, tyylikäs design.

Siron mallinen Jazz recliner tuoli pyörivällä ja keinuvalla mekanismilla sopii mainiosti tv:n katseluun. Tuolissa on kätevä mekanismi, kahvasta kääntämällä avautuu jalkarahi ja silloin saa myös selkänojaa kallistettua taakse päin. Tuoli on verhoiltu Suma-kankaalla. Puurungolle valmistajan takuu 20-vuotta mekanismille 2-vuotta. Istuin täytteenä vaahtomuovi selkäosassa ja käsinojissa vaahtomuovi/vanu. Tämä tuotteen voi tilata…

Uno -nojatuoli on erittäin hyvä istua ja siksi niin suosittu. Tuolissa aina niskatyyny jonka saa helposti irrotettua tarvittaessa. Pehmusteena käytetty laadukasta vaahtomuovia. Myynissä varastoerä verhoiltuna Austin -kankailla, värit 18 ja 19. Puuosien väri on wenge. Uno Deluxe-tuolia on saatavana tilausmyyntinä liikkeestämme myös eri kankailla ja nahkalla. Uno-mallistosta löytyy myös matala…
