{"id":16483,"date":"2021-02-12T10:37:15","date_gmt":"2021-02-12T08:37:15","guid":{"rendered":"https:\/\/pohjanmaantehtaanmyymala.fi\/?post_type=product&#038;p=16483"},"modified":"2021-08-24T20:32:50","modified_gmt":"2021-08-24T18:32:50","slug":"outfit-polyrottinki-kulmasohva-ja-poyta-musta-harmaa","status":"publish","type":"product","link":"https:\/\/pohjanmaantehtaanmyymala.fi\/sv\/tuote\/outfit-polyrottinki-kulmasohva-ja-poyta-musta-harmaa\/","title":{"rendered":"OUTFIT &#8211; polyrottinki-kulmasohva ja p\u00f6yt\u00e4, musta\/harmaa"},"content":{"rendered":"<p>Tyylik\u00e4s musta Outfit polyrottinkikulmasohvaryhm\u00e4 p\u00f6yd\u00e4ll\u00e4. Kulmasohvan mukana toimitetaan ruokap\u00f6yt\u00e4 ja harmaat istuin- ja selk\u00e4nojapehmusteet. Sohvan k\u00e4tisyys on vaihdettavissa.<\/p>\n<h3>Tuotetiedot:<\/h3>\n<p>-Kulmansohvana koko 175&#215;235 cm.<br \/>\n-Kulmasohvan pienempi osa l.165 cm, s.67 cm, k.73 cm.<br \/>\n-Kulmasohvan pidempi osa l.175 cm, s.67 cm, k.73 cm.<br \/>\n-P\u00f6yd\u00e4n koko on l.145 cm, s.75 cm, k.68 cm.<br \/>\n-Metallirunko mustaa polyrottinkia<br \/>\n-polywood-p\u00f6yd\u00e4nkansi.<br \/>\n-Pehmusteet tummanharmaat.<\/p>\n<p>Toimitetaan osina 3:ssa pakkauksessa.<\/p>\n","protected":false},"excerpt":{"rendered":"<p>Tilava kulmasohva-ryhm\u00e4, jossa k\u00e4tisyys on vaihdettavissa.<\/p>\n","protected":false},"featured_media":16502,"comment_status":"closed","ping_status":"closed","template":"","meta":{"_acf_changed":false,"jetpack_post_was_ever_published":false,"jetpack_publicize_message":"","jetpack_publicize_feature_enabled":true,"jetpack_social_post_already_shared":true,"jetpack_social_options":{"image_generator_settings":{"template":"highway","default_image_id":0,"font":"","enabled":false},"version":2}},"product_brand":[187],"product_cat":[200],"product_tag":[299],"class_list":{"0":"post-16483","1":"product","2":"type-product","3":"status-publish","4":"has-post-thumbnail","6":"product_brand-schou","7":"product_cat-kesakalusteet","8":"product_tag-pihakaluste","9":"product_shipping_class-161","11":"first","12":"outofstock","13":"purchasable","14":"product-type-simple"},"acf":[],"jetpack_publicize_connections":[],"jetpack_sharing_enabled":true,"jetpack-related-posts":[{"id":20461,"url":"https:\/\/pohjanmaantehtaanmyymala.fi\/sv\/tuote\/asolo-kulmasohva-ja-poyta-polyrottinki-harmaa-mustat-pehmusteet\/","url_meta":{"origin":16483,"position":0},"title":"Asolo kulmasohva ja p\u00f6yt\u00e4, polyrottinki harmaa\/mustat pehmusteet","author":"Sami Viitala","date":"mars 29, 2022","format":false,"excerpt":"Upea terassikulmasohvaryhm\u00e4","rel":"","context":"Liknande produkt","block_context":{"text":"Liknande produkt","link":""},"img":{"alt_text":"House Nordin Asolo polyrottinkikulmaryhm\u00e4 p\u00f6yd\u00e4ll\u00e4 harmaa\/musta","src":"https:\/\/i0.wp.com\/pohjanmaantehtaanmyymala.fi\/wp-content\/uploads\/2022\/03\/Asolo-kulmasohva-7701025.jpg?fit=960%2C960&ssl=1&resize=350%2C200","width":350,"height":200,"srcset":"https:\/\/i0.wp.com\/pohjanmaantehtaanmyymala.fi\/wp-content\/uploads\/2022\/03\/Asolo-kulmasohva-7701025.jpg?fit=960%2C960&ssl=1&resize=350%2C200 1x, https:\/\/i0.wp.com\/pohjanmaantehtaanmyymala.fi\/wp-content\/uploads\/2022\/03\/Asolo-kulmasohva-7701025.jpg?fit=960%2C960&ssl=1&resize=525%2C300 1.5x, https:\/\/i0.wp.com\/pohjanmaantehtaanmyymala.fi\/wp-content\/uploads\/2022\/03\/Asolo-kulmasohva-7701025.jpg?fit=960%2C960&ssl=1&resize=700%2C400 2x"},"classes":[]},{"id":9510,"url":"https:\/\/pohjanmaantehtaanmyymala.fi\/sv\/tuote\/outfit-liv-saadettava-puutarhatuoli-musta\/","url_meta":{"origin":16483,"position":1},"title":"OUTFIT LIV &#8211; puutarhatuoli musta","author":"petri","date":"september 14, 2019","format":false,"excerpt":"Liv 7-asentoinen puutarhatuoli, jonka saa taitettua kasaan varastointia varten. Alumiini runko, jossa pingotettu textylene -kangas. Musta\/Harmaa v\u00e4ri. Tuotetta on rajoitetusti myynniss\u00e4. Kysy saatavuus myynnist\u00e4mme. Tuotetiedot: Koko: l 55 x s 68 x k 105 cm istuinkorkeus: 43 cm istuinsyvyys: 44 cm istuinleveys: 44 cm k\u00e4sinojan korkeus maasta: 66 cm Textylene:\u2026","rel":"","context":"Liknande produkt","block_context":{"text":"Liknande produkt","link":""},"img":{"alt_text":"","src":"https:\/\/i0.wp.com\/pohjanmaantehtaanmyymala.fi\/wp-content\/uploads\/2019\/06\/46112-s1.jpg?fit=960%2C960&ssl=1&resize=350%2C200","width":350,"height":200,"srcset":"https:\/\/i0.wp.com\/pohjanmaantehtaanmyymala.fi\/wp-content\/uploads\/2019\/06\/46112-s1.jpg?fit=960%2C960&ssl=1&resize=350%2C200 1x, https:\/\/i0.wp.com\/pohjanmaantehtaanmyymala.fi\/wp-content\/uploads\/2019\/06\/46112-s1.jpg?fit=960%2C960&ssl=1&resize=525%2C300 1.5x, https:\/\/i0.wp.com\/pohjanmaantehtaanmyymala.fi\/wp-content\/uploads\/2019\/06\/46112-s1.jpg?fit=960%2C960&ssl=1&resize=700%2C400 2x"},"classes":[]},{"id":20535,"url":"https:\/\/pohjanmaantehtaanmyymala.fi\/sv\/tuote\/house-nordic-trieste-tuoli-luonnonvari\/","url_meta":{"origin":16483,"position":2},"title":"House Nordic Trieste tuoli luonnonv\u00e4ri","author":"Sami Viitala","date":"maj 3, 2022","format":false,"excerpt":"Upea polyrottinkinen nojatuoli pehmusteella ja metalli jalalla.","rel":"","context":"Liknande produkt","block_context":{"text":"Liknande produkt","link":""},"img":{"alt_text":"House Nordic Trieste tuoli luonnonv\u00e4ri mustalla jalalla","src":"https:\/\/i0.wp.com\/pohjanmaantehtaanmyymala.fi\/wp-content\/uploads\/2022\/05\/Trieste-tuoli.jpg?fit=960%2C960&ssl=1&resize=350%2C200","width":350,"height":200,"srcset":"https:\/\/i0.wp.com\/pohjanmaantehtaanmyymala.fi\/wp-content\/uploads\/2022\/05\/Trieste-tuoli.jpg?fit=960%2C960&ssl=1&resize=350%2C200 1x, https:\/\/i0.wp.com\/pohjanmaantehtaanmyymala.fi\/wp-content\/uploads\/2022\/05\/Trieste-tuoli.jpg?fit=960%2C960&ssl=1&resize=525%2C300 1.5x, https:\/\/i0.wp.com\/pohjanmaantehtaanmyymala.fi\/wp-content\/uploads\/2022\/05\/Trieste-tuoli.jpg?fit=960%2C960&ssl=1&resize=700%2C400 2x"},"classes":[]},{"id":20561,"url":"https:\/\/pohjanmaantehtaanmyymala.fi\/sv\/tuote\/leon-nojatuoli-jalkarahilla-harmaa\/","url_meta":{"origin":16483,"position":3},"title":"Leon nojatuoli Jalkarahilla harmaa","author":"Sami Viitala","date":"maj 3, 2022","format":false,"excerpt":"N\u00e4ytt\u00e4v\u00e4 polyrottinkinen nojatuoli rahilla","rel":"","context":"Liknande produkt","block_context":{"text":"Liknande produkt","link":""},"img":{"alt_text":"House Nordic Leon nojatuoli ja rahi harmaa polyrottinki","src":"https:\/\/i0.wp.com\/pohjanmaantehtaanmyymala.fi\/wp-content\/uploads\/2022\/05\/Leon-tuoli-ja-rahi-polyrottinki.jpg?fit=960%2C960&ssl=1&resize=350%2C200","width":350,"height":200,"srcset":"https:\/\/i0.wp.com\/pohjanmaantehtaanmyymala.fi\/wp-content\/uploads\/2022\/05\/Leon-tuoli-ja-rahi-polyrottinki.jpg?fit=960%2C960&ssl=1&resize=350%2C200 1x, https:\/\/i0.wp.com\/pohjanmaantehtaanmyymala.fi\/wp-content\/uploads\/2022\/05\/Leon-tuoli-ja-rahi-polyrottinki.jpg?fit=960%2C960&ssl=1&resize=525%2C300 1.5x, https:\/\/i0.wp.com\/pohjanmaantehtaanmyymala.fi\/wp-content\/uploads\/2022\/05\/Leon-tuoli-ja-rahi-polyrottinki.jpg?fit=960%2C960&ssl=1&resize=700%2C400 2x"},"classes":[]},{"id":20731,"url":"https:\/\/pohjanmaantehtaanmyymala.fi\/sv\/tuote\/vila-orust-nojatuoli-polyrottinkia-ruskeanharmaa\/","url_meta":{"origin":16483,"position":4},"title":"VILA orust &#8211; nojatuoli polyrottinkia ruskeanharmaa","author":"Sami Viitala","date":"juli 5, 2022","format":false,"excerpt":"1 kpl J\u00e4ljell\u00e4! Tyylik\u00e4s matala Vila -nojatuoli ruskeanharmaasta polyrottingista. Tuolissa on kest\u00e4v\u00e4 alumiinirunko ja ruskeat pehmusteet. Tuoli toimitetaa valmiiksi kasattuna pahvipaketissa. Mittatiedot: koko: l 65, s 61, k 86 cm istuinkorkeus: 40 cm istuinsyvyys: 52 cm istuinleveys: 47 cm k\u00e4sinojan korkeus maasta: 64 cm pehmusteen paksuus: 6 cm","rel":"","context":"Liknande produkt","block_context":{"text":"Liknande produkt","link":""},"img":{"alt_text":"Vila orust nojatuoli harmaanruskea polyrottinki","src":"https:\/\/i0.wp.com\/pohjanmaantehtaanmyymala.fi\/wp-content\/uploads\/2022\/07\/629108-s1.jpg?fit=960%2C960&ssl=1&resize=350%2C200","width":350,"height":200,"srcset":"https:\/\/i0.wp.com\/pohjanmaantehtaanmyymala.fi\/wp-content\/uploads\/2022\/07\/629108-s1.jpg?fit=960%2C960&ssl=1&resize=350%2C200 1x, https:\/\/i0.wp.com\/pohjanmaantehtaanmyymala.fi\/wp-content\/uploads\/2022\/07\/629108-s1.jpg?fit=960%2C960&ssl=1&resize=525%2C300 1.5x, https:\/\/i0.wp.com\/pohjanmaantehtaanmyymala.fi\/wp-content\/uploads\/2022\/07\/629108-s1.jpg?fit=960%2C960&ssl=1&resize=700%2C400 2x"},"classes":[]},{"id":9518,"url":"https:\/\/pohjanmaantehtaanmyymala.fi\/sv\/tuote\/outfit-poss-saadettava-puutarhatuoli-musta\/","url_meta":{"origin":16483,"position":5},"title":"OUTFIT Lima s\u00e4\u00e4dett\u00e4v\u00e4 puutarhatuoli musta","author":"petri","date":"september 14, 2019","format":false,"excerpt":"Outfit Lima alumiinirunkoinen polyrottinkinen puutarhatuoli. Selk\u00e4noja s\u00e4\u00e4dett\u00e4v\u00e4 6-asentoon. Tuoli saa taitettua kokoon, mik\u00e4 helpottaa s\u00e4ilytt\u00e4mist\u00e4. Tuote j\u00e4\u00e4m\u00e4ss\u00e4 pois valikoimasta, kysy saatavuus myynnist\u00e4mme. Tuotetiedot: Koko: l 58 x s 66 x k 110cm istuinkorkeus: 44cm istuinsyvyys: 48cm istuinleveys: 45cm k\u00e4sinojan korkeus maasta: 65cm Rottinki: 2in1 Selk\u00e4nojan s\u00e4\u00e4t\u00f6 6 asentoon Toimitetaan 2\u2026","rel":"","context":"Liknande produkt","block_context":{"text":"Liknande produkt","link":""},"img":{"alt_text":"","src":"https:\/\/i0.wp.com\/pohjanmaantehtaanmyymala.fi\/wp-content\/uploads\/2019\/06\/629989-f.jpg?fit=960%2C960&ssl=1&resize=350%2C200","width":350,"height":200,"srcset":"https:\/\/i0.wp.com\/pohjanmaantehtaanmyymala.fi\/wp-content\/uploads\/2019\/06\/629989-f.jpg?fit=960%2C960&ssl=1&resize=350%2C200 1x, https:\/\/i0.wp.com\/pohjanmaantehtaanmyymala.fi\/wp-content\/uploads\/2019\/06\/629989-f.jpg?fit=960%2C960&ssl=1&resize=525%2C300 1.5x, https:\/\/i0.wp.com\/pohjanmaantehtaanmyymala.fi\/wp-content\/uploads\/2019\/06\/629989-f.jpg?fit=960%2C960&ssl=1&resize=700%2C400 2x"},"classes":[]}],"_links":{"self":[{"href":"https:\/\/pohjanmaantehtaanmyymala.fi\/sv\/wp-json\/wp\/v2\/product\/16483","targetHints":{"allow":["GET"]}}],"collection":[{"href":"https:\/\/pohjanmaantehtaanmyymala.fi\/sv\/wp-json\/wp\/v2\/product"}],"about":[{"href":"https:\/\/pohjanmaantehtaanmyymala.fi\/sv\/wp-json\/wp\/v2\/types\/product"}],"replies":[{"embeddable":true,"href":"https:\/\/pohjanmaantehtaanmyymala.fi\/sv\/wp-json\/wp\/v2\/comments?post=16483"}],"wp:featuredmedia":[{"embeddable":true,"href":"https:\/\/pohjanmaantehtaanmyymala.fi\/sv\/wp-json\/wp\/v2\/media\/16502"}],"wp:attachment":[{"href":"https:\/\/pohjanmaantehtaanmyymala.fi\/sv\/wp-json\/wp\/v2\/media?parent=16483"}],"wp:term":[{"taxonomy":"product_brand","embeddable":true,"href":"https:\/\/pohjanmaantehtaanmyymala.fi\/sv\/wp-json\/wp\/v2\/product_brand?post=16483"},{"taxonomy":"product_cat","embeddable":true,"href":"https:\/\/pohjanmaantehtaanmyymala.fi\/sv\/wp-json\/wp\/v2\/product_cat?post=16483"},{"taxonomy":"product_tag","embeddable":true,"href":"https:\/\/pohjanmaantehtaanmyymala.fi\/sv\/wp-json\/wp\/v2\/product_tag?post=16483"}],"curies":[{"name":"wp","href":"https:\/\/api.w.org\/{rel}","templated":true}]}}

OUTFIT &#8211; polyrottinki-kulmasohva ja pöytä, musta/harmaa

<p>Tyylikäs musta Outfit polyrottinkikulmasohvaryhmä pöydällä. Kulmasohvan mukana toimitetaan ruokapöytä ja harmaat istuin- ja selkänojapehmusteet. Sohvan kätisyys on vaihdettavissa.</p>
<h3>Tuotetiedot:</h3>
<p>-Kulmansohvana koko 175&#215;235 cm.<br />
-Kulmasohvan pienempi osa l.165 cm, s.67 cm, k.73 cm.<br />
-Kulmasohvan pidempi osa l.175 cm, s.67 cm, k.73 cm.<br />
-Pöydän koko on l.145 cm, s.75 cm, k.68 cm.<br />
-Metallirunko mustaa polyrottinkia<br />
-polywood-pöydänkansi.<br />
-Pehmusteet tummanharmaat.</p>
<p>Toimitetaan osina 3:ssa pakkauksessa.</p>

<p>Tilava kulmasohva-ryhmä, jossa kätisyys on vaihdettavissa.</p>

Asolo kulmasohva ja pöytä, polyrottinki harmaa/mustat pehmusteet

Upea terassikulmasohvaryhmä

House Nordin Asolo polyrottinkikulmaryhmä pöydällä harmaa/musta

Liv 7-asentoinen puutarhatuoli, jonka saa taitettua kasaan varastointia varten. Alumiini runko, jossa pingotettu textylene -kangas. Musta/Harmaa väri. Tuotetta on rajoitetusti myynnissä. Kysy saatavuus myynnistämme. Tuotetiedot: Koko: l 55 x s 68 x k 105 cm istuinkorkeus: 43 cm istuinsyvyys: 44 cm istuinleveys: 44 cm käsinojan korkeus maasta: 66 cm Textylene:…

House Nordic Trieste tuoli luonnonväri

House Nordic Trieste tuoli luonnonväri mustalla jalalla

Näyttävä polyrottinkinen nojatuoli rahilla

1 kpl Jäljellä! Tyylikäs matala Vila -nojatuoli ruskeanharmaasta polyrottingista. Tuolissa on kestävä alumiinirunko ja ruskeat pehmusteet. Tuoli toimitetaa valmiiksi kasattuna pahvipaketissa. Mittatiedot: koko: l 65, s 61, k 86 cm istuinkorkeus: 40 cm istuinsyvyys: 52 cm istuinleveys: 47 cm käsinojan korkeus maasta: 64 cm pehmusteen paksuus: 6 cm

OUTFIT Lima säädettävä puutarhatuoli musta

Outfit Lima alumiinirunkoinen polyrottinkinen puutarhatuoli. Selkänoja säädettävä 6-asentoon. Tuoli saa taitettua kokoon, mikä helpottaa säilyttämistä. Tuote jäämässä pois valikoimasta, kysy saatavuus myynnistämme. Tuotetiedot: Koko: l 58 x s 66 x k 110cm istuinkorkeus: 44cm istuinsyvyys: 48cm istuinleveys: 45cm käsinojan korkeus maasta: 65cm Rottinki: 2in1 Selkänojan säätö 6 asentoon Toimitetaan 2…
