{"id":13144,"date":"2020-09-18T15:50:34","date_gmt":"2020-09-18T13:50:34","guid":{"rendered":"https:\/\/pohjanmaantehtaanmyymala.fi\/?post_type=product&#038;p=13144"},"modified":"2024-03-12T15:54:28","modified_gmt":"2024-03-12T13:54:28","slug":"zoom-sohvapoyta-105x105-cm-tammiviilu-ja-valkoinen-poistomalli","status":"publish","type":"product","link":"https:\/\/pohjanmaantehtaanmyymala.fi\/sv\/tuote\/zoom-sohvapoyta-105x105-cm-tammiviilu-ja-valkoinen-poistomalli\/","title":{"rendered":"ZOOM &#8211; sohvap\u00f6yt\u00e4 105&#215;105 cm (poistomalli)"},"content":{"rendered":"<p>Tyylik\u00e4s ja jykev\u00e4 Pohjanmaan Kalusteen valmistama Zoom-sohvap\u00f6yt\u00e4.<\/p>\n<p>V\u00e4rivaihtoehdot: Tammi ja mustaksi petsattu tammiviilu.<\/p>\n<p>Tuotetiedot:<br \/>\nMateriaalina laadukas MDF-levy joka on tammiviilutettu.<\/p>\n<p>P\u00f6yt\u00e4 toimitetaan jalat irrallaan paketissa.<\/p>\n","protected":false},"excerpt":{"rendered":"<p>Myynniss\u00e4 tehtaan koko loppuvarasto poistohintaan. Tuotteita on rajoitetut er\u00e4t saatavilla. Tammiviilutetut lakattu sek\u00e4 musta ja valkoinen.<\/p>\n","protected":false},"featured_media":13148,"comment_status":"closed","ping_status":"closed","template":"","meta":{"_acf_changed":false,"jetpack_post_was_ever_published":false,"jetpack_publicize_message":"","jetpack_publicize_feature_enabled":true,"jetpack_social_post_already_shared":true,"jetpack_social_options":{"image_generator_settings":{"template":"highway","default_image_id":0,"font":"","enabled":false},"version":2}},"product_brand":[270],"product_cat":[213,199],"product_tag":[218,298,219],"class_list":{"0":"post-13144","1":"product","2":"type-product","3":"status-publish","4":"has-post-thumbnail","6":"product_brand-pohjanmaan","7":"product_cat-outlet","8":"product_cat-sohva-ja-sivupoydat","9":"product_tag-pohjanmaan","10":"product_tag-poistomalli","11":"product_tag-sohvapoyta","12":"product_shipping_class-161","13":"pa_vari-mustapetsattu-tammi","14":"pa_vari-tammiviillu","15":"pa_vari-valkoinen","17":"first","18":"instock","19":"sale","20":"purchasable","21":"product-type-variable"},"acf":[],"jetpack_publicize_connections":[],"jetpack_sharing_enabled":true,"jetpack-related-posts":[{"id":13112,"url":"https:\/\/pohjanmaantehtaanmyymala.fi\/sv\/tuote\/zoom-ruokapoyta-200x100-cm\/","url_meta":{"origin":13144,"position":0},"title":"ZOOM ruokap\u00f6yt\u00e4 200&#215;100 cm viilutettu","author":"Sami Viitala","date":"september 18, 2020","format":false,"excerpt":"Suoralinjainen ja massiivinen ruokap\u00f6yt\u00e4 moderniin sisustukseen.","rel":"","context":"Liknande produkt","block_context":{"text":"Liknande produkt","link":""},"img":{"alt_text":"Zoom 100x200 ruokap\u00f6yt\u00e4 kuura tuoli musta","src":"https:\/\/i0.wp.com\/pohjanmaantehtaanmyymala.fi\/wp-content\/uploads\/2020\/09\/Zoom-100x200-poyta-kuura-tuoli-musta.jpg?fit=1200%2C1200&ssl=1&resize=350%2C200","width":350,"height":200,"srcset":"https:\/\/i0.wp.com\/pohjanmaantehtaanmyymala.fi\/wp-content\/uploads\/2020\/09\/Zoom-100x200-poyta-kuura-tuoli-musta.jpg?fit=1200%2C1200&ssl=1&resize=350%2C200 1x, https:\/\/i0.wp.com\/pohjanmaantehtaanmyymala.fi\/wp-content\/uploads\/2020\/09\/Zoom-100x200-poyta-kuura-tuoli-musta.jpg?fit=1200%2C1200&ssl=1&resize=525%2C300 1.5x, https:\/\/i0.wp.com\/pohjanmaantehtaanmyymala.fi\/wp-content\/uploads\/2020\/09\/Zoom-100x200-poyta-kuura-tuoli-musta.jpg?fit=1200%2C1200&ssl=1&resize=700%2C400 2x, https:\/\/i0.wp.com\/pohjanmaantehtaanmyymala.fi\/wp-content\/uploads\/2020\/09\/Zoom-100x200-poyta-kuura-tuoli-musta.jpg?fit=1200%2C1200&ssl=1&resize=1050%2C600 3x"},"classes":[]},{"id":13173,"url":"https:\/\/pohjanmaantehtaanmyymala.fi\/sv\/tuote\/zoom-sohvapoyta-105x105-cm-poistomalli\/","url_meta":{"origin":13144,"position":1},"title":"ZOOM &#8211; sohvap\u00f6yt\u00e4 105&#215;105 cm (poistomalli)","author":"Sami Viitala","date":"september 18, 2020","format":false,"excerpt":"Koivuviilutetut Zoom-p\u00f6yd\u00e4t, valitse v\u00e4ri alta! Tuotteita on rajoitetut er\u00e4t saatavilla.","rel":"","context":"Liknande produkt","block_context":{"text":"Liknande produkt","link":""},"img":{"alt_text":"Zoom sohvap\u00f6yt\u00e4 105x105 p\u00e4hkin\u00e4","src":"https:\/\/i0.wp.com\/pohjanmaantehtaanmyymala.fi\/wp-content\/uploads\/2020\/09\/Zoom-sohvapoyta-105x105-pahkina.jpg?fit=1200%2C1200&ssl=1&resize=350%2C200","width":350,"height":200,"srcset":"https:\/\/i0.wp.com\/pohjanmaantehtaanmyymala.fi\/wp-content\/uploads\/2020\/09\/Zoom-sohvapoyta-105x105-pahkina.jpg?fit=1200%2C1200&ssl=1&resize=350%2C200 1x, https:\/\/i0.wp.com\/pohjanmaantehtaanmyymala.fi\/wp-content\/uploads\/2020\/09\/Zoom-sohvapoyta-105x105-pahkina.jpg?fit=1200%2C1200&ssl=1&resize=525%2C300 1.5x, https:\/\/i0.wp.com\/pohjanmaantehtaanmyymala.fi\/wp-content\/uploads\/2020\/09\/Zoom-sohvapoyta-105x105-pahkina.jpg?fit=1200%2C1200&ssl=1&resize=700%2C400 2x, https:\/\/i0.wp.com\/pohjanmaantehtaanmyymala.fi\/wp-content\/uploads\/2020\/09\/Zoom-sohvapoyta-105x105-pahkina.jpg?fit=1200%2C1200&ssl=1&resize=1050%2C600 3x"},"classes":[]},{"id":15967,"url":"https:\/\/pohjanmaantehtaanmyymala.fi\/sv\/tuote\/zoom-sohvapoyta-140x80-cm-poistomalli-2\/","url_meta":{"origin":13144,"position":2},"title":"ZOOM &#8211; sohvap\u00f6yt\u00e4 140&#215;80 cm (poistomalli)","author":"Sami Viitala","date":"november 26, 2020","format":false,"excerpt":"Koivuviilutetut versiot, valitse v\u00e4ri! Tuotteita on rajoitetut er\u00e4t saatavilla.","rel":"","context":"Liknande produkt","block_context":{"text":"Liknande produkt","link":""},"img":{"alt_text":"Moduli kulmasohva ja zoom sohvap\u00f6yt\u00e4","src":"https:\/\/i0.wp.com\/pohjanmaantehtaanmyymala.fi\/wp-content\/uploads\/2020\/11\/Monika-Kn1-B-L-D-Kn1-Barcelona20-ZoomSP90140pah-int.jpg?fit=960%2C960&ssl=1&resize=350%2C200","width":350,"height":200,"srcset":"https:\/\/i0.wp.com\/pohjanmaantehtaanmyymala.fi\/wp-content\/uploads\/2020\/11\/Monika-Kn1-B-L-D-Kn1-Barcelona20-ZoomSP90140pah-int.jpg?fit=960%2C960&ssl=1&resize=350%2C200 1x, https:\/\/i0.wp.com\/pohjanmaantehtaanmyymala.fi\/wp-content\/uploads\/2020\/11\/Monika-Kn1-B-L-D-Kn1-Barcelona20-ZoomSP90140pah-int.jpg?fit=960%2C960&ssl=1&resize=525%2C300 1.5x, https:\/\/i0.wp.com\/pohjanmaantehtaanmyymala.fi\/wp-content\/uploads\/2020\/11\/Monika-Kn1-B-L-D-Kn1-Barcelona20-ZoomSP90140pah-int.jpg?fit=960%2C960&ssl=1&resize=700%2C400 2x"},"classes":[]},{"id":13123,"url":"https:\/\/pohjanmaantehtaanmyymala.fi\/sv\/tuote\/zoom-ruokapoyta-200x100-cm-valkoinen\/","url_meta":{"origin":13144,"position":3},"title":"ZOOM &#8211; ruokap\u00f6yt\u00e4 200&#215;100 cm valkoinen","author":"Sami Viitala","date":"september 18, 2020","format":false,"excerpt":"Suoralinjainen ja massiivinen ruokap\u00f6yt\u00e4 moderniin sisustukseen.","rel":"","context":"Liknande produkt","block_context":{"text":"Liknande produkt","link":""},"img":{"alt_text":"Zoom ruokap\u00f6yt\u00e4 kuura tuoli","src":"https:\/\/i0.wp.com\/pohjanmaantehtaanmyymala.fi\/wp-content\/uploads\/2020\/09\/Zoom-poyta-kuura-tuoli.jpg?fit=1200%2C1200&ssl=1&resize=350%2C200","width":350,"height":200,"srcset":"https:\/\/i0.wp.com\/pohjanmaantehtaanmyymala.fi\/wp-content\/uploads\/2020\/09\/Zoom-poyta-kuura-tuoli.jpg?fit=1200%2C1200&ssl=1&resize=350%2C200 1x, https:\/\/i0.wp.com\/pohjanmaantehtaanmyymala.fi\/wp-content\/uploads\/2020\/09\/Zoom-poyta-kuura-tuoli.jpg?fit=1200%2C1200&ssl=1&resize=525%2C300 1.5x, https:\/\/i0.wp.com\/pohjanmaantehtaanmyymala.fi\/wp-content\/uploads\/2020\/09\/Zoom-poyta-kuura-tuoli.jpg?fit=1200%2C1200&ssl=1&resize=700%2C400 2x, https:\/\/i0.wp.com\/pohjanmaantehtaanmyymala.fi\/wp-content\/uploads\/2020\/09\/Zoom-poyta-kuura-tuoli.jpg?fit=1200%2C1200&ssl=1&resize=1050%2C600 3x"},"classes":[]},{"id":28704,"url":"https:\/\/pohjanmaantehtaanmyymala.fi\/sv\/tuote\/zoom-ruokapoyta-220x100-cm-valkoinen\/","url_meta":{"origin":13144,"position":4},"title":"ZOOM &#8211; ruokap\u00f6yt\u00e4 220&#215;100 cm valkoinen","author":"Sami Viitala","date":"september 22, 2025","format":false,"excerpt":"Suoralinjainen ruokap\u00f6yt\u00e4 moderniin sisustukseen.","rel":"","context":"Liknande produkt","block_context":{"text":"Liknande produkt","link":""},"img":{"alt_text":"Zoom ruokap\u00f6yt\u00e4 valkoinen Kuura tuoleilla barcelona 90 verhoilulla","src":"https:\/\/i0.wp.com\/pohjanmaantehtaanmyymala.fi\/wp-content\/uploads\/2025\/09\/Zoom-95x180-White-Glass-6Zoom-Barcelona90.jpg?fit=960%2C960&ssl=1&resize=350%2C200","width":350,"height":200,"srcset":"https:\/\/i0.wp.com\/pohjanmaantehtaanmyymala.fi\/wp-content\/uploads\/2025\/09\/Zoom-95x180-White-Glass-6Zoom-Barcelona90.jpg?fit=960%2C960&ssl=1&resize=350%2C200 1x, https:\/\/i0.wp.com\/pohjanmaantehtaanmyymala.fi\/wp-content\/uploads\/2025\/09\/Zoom-95x180-White-Glass-6Zoom-Barcelona90.jpg?fit=960%2C960&ssl=1&resize=525%2C300 1.5x, https:\/\/i0.wp.com\/pohjanmaantehtaanmyymala.fi\/wp-content\/uploads\/2025\/09\/Zoom-95x180-White-Glass-6Zoom-Barcelona90.jpg?fit=960%2C960&ssl=1&resize=700%2C400 2x"},"classes":[]},{"id":9483,"url":"https:\/\/pohjanmaantehtaanmyymala.fi\/sv\/tuote\/zoom-ruokapoyta\/","url_meta":{"origin":13144,"position":5},"title":"ZOOM &#8211; ruokap\u00f6yt\u00e4 180&#215;95 cm valkoinen","author":"petri","date":"september 14, 2019","format":false,"excerpt":"Suoralinjainen ja massiivinen ruokap\u00f6yt\u00e4 moderniin sisustukseen.","rel":"","context":"Liknande produkt","block_context":{"text":"Liknande produkt","link":""},"img":{"alt_text":"","src":"https:\/\/i0.wp.com\/pohjanmaantehtaanmyymala.fi\/wp-content\/uploads\/2019\/06\/Zoom-95x180-White-Glass-6Zoom-Barcelona90.jpg?fit=960%2C960&ssl=1&resize=350%2C200","width":350,"height":200,"srcset":"https:\/\/i0.wp.com\/pohjanmaantehtaanmyymala.fi\/wp-content\/uploads\/2019\/06\/Zoom-95x180-White-Glass-6Zoom-Barcelona90.jpg?fit=960%2C960&ssl=1&resize=350%2C200 1x, https:\/\/i0.wp.com\/pohjanmaantehtaanmyymala.fi\/wp-content\/uploads\/2019\/06\/Zoom-95x180-White-Glass-6Zoom-Barcelona90.jpg?fit=960%2C960&ssl=1&resize=525%2C300 1.5x, https:\/\/i0.wp.com\/pohjanmaantehtaanmyymala.fi\/wp-content\/uploads\/2019\/06\/Zoom-95x180-White-Glass-6Zoom-Barcelona90.jpg?fit=960%2C960&ssl=1&resize=700%2C400 2x"},"classes":[]}],"_links":{"self":[{"href":"https:\/\/pohjanmaantehtaanmyymala.fi\/sv\/wp-json\/wp\/v2\/product\/13144","targetHints":{"allow":["GET"]}}],"collection":[{"href":"https:\/\/pohjanmaantehtaanmyymala.fi\/sv\/wp-json\/wp\/v2\/product"}],"about":[{"href":"https:\/\/pohjanmaantehtaanmyymala.fi\/sv\/wp-json\/wp\/v2\/types\/product"}],"replies":[{"embeddable":true,"href":"https:\/\/pohjanmaantehtaanmyymala.fi\/sv\/wp-json\/wp\/v2\/comments?post=13144"}],"wp:featuredmedia":[{"embeddable":true,"href":"https:\/\/pohjanmaantehtaanmyymala.fi\/sv\/wp-json\/wp\/v2\/media\/13148"}],"wp:attachment":[{"href":"https:\/\/pohjanmaantehtaanmyymala.fi\/sv\/wp-json\/wp\/v2\/media?parent=13144"}],"wp:term":[{"taxonomy":"product_brand","embeddable":true,"href":"https:\/\/pohjanmaantehtaanmyymala.fi\/sv\/wp-json\/wp\/v2\/product_brand?post=13144"},{"taxonomy":"product_cat","embeddable":true,"href":"https:\/\/pohjanmaantehtaanmyymala.fi\/sv\/wp-json\/wp\/v2\/product_cat?post=13144"},{"taxonomy":"product_tag","embeddable":true,"href":"https:\/\/pohjanmaantehtaanmyymala.fi\/sv\/wp-json\/wp\/v2\/product_tag?post=13144"}],"curies":[{"name":"wp","href":"https:\/\/api.w.org\/{rel}","templated":true}]}}

ZOOM &#8211; sohvapöytä 105&#215;105 cm (poistomalli)

<p>Tyylikäs ja jykevä Pohjanmaan Kalusteen valmistama Zoom-sohvapöytä.</p>
<p>Värivaihtoehdot: Tammi ja mustaksi petsattu tammiviilu.</p>
<p>Tuotetiedot:<br />
Materiaalina laadukas MDF-levy joka on tammiviilutettu.</p>
<p>Pöytä toimitetaan jalat irrallaan paketissa.</p>

<p>Myynnissä tehtaan koko loppuvarasto poistohintaan. Tuotteita on rajoitetut erät saatavilla. Tammiviilutetut lakattu sekä musta ja valkoinen.</p>

ZOOM ruokapöytä 200&#215;100 cm viilutettu

Suoralinjainen ja massiivinen ruokapöytä moderniin sisustukseen.

Zoom 100x200 ruokapöytä kuura tuoli musta

Koivuviilutetut Zoom-pöydät, valitse väri alta! Tuotteita on rajoitetut erät saatavilla.

Zoom sohvapöytä 105x105 pähkinä

ZOOM &#8211; sohvapöytä 140&#215;80 cm (poistomalli)

Koivuviilutetut versiot, valitse väri! Tuotteita on rajoitetut erät saatavilla.

Moduli kulmasohva ja zoom sohvapöytä

ZOOM &#8211; ruokapöytä 200&#215;100 cm valkoinen

Zoom ruokapöytä kuura tuoli

ZOOM &#8211; ruokapöytä 220&#215;100 cm valkoinen

Suoralinjainen ruokapöytä moderniin sisustukseen.

Zoom ruokapöytä valkoinen Kuura tuoleilla barcelona 90 verhoilulla

ZOOM &#8211; ruokapöytä 180&#215;95 cm valkoinen
