{"id":12961,"date":"2020-09-14T19:31:21","date_gmt":"2020-09-14T17:31:21","guid":{"rendered":"https:\/\/www.pohjanmaantehtaanmyymala.fi\/?post_type=product&#038;p=12961"},"modified":"2021-11-05T16:45:04","modified_gmt":"2021-11-05T14:45:04","slug":"stockholm-tuoli","status":"publish","type":"product","link":"https:\/\/pohjanmaantehtaanmyymala.fi\/sv\/tuote\/stockholm-tuoli\/","title":{"rendered":"Stockholm &#8211; tuoli"},"content":{"rendered":"<p>Siron tyylik\u00e4s Stockholm -tuoli sopii mainiosti vaikkapa ensikodin keitti\u00f6n tuoliksi tai ihan vaan istuimeksi sellaisenaan.<\/p>\n<p>V\u00e4rivaihtoehdot ovat konjakinruskea tai musta.<\/p>\n<h3>Mittatiedot:<\/h3>\n<p>Leveys 47 cm, Pituus 50 cm, Korkeus 88 cm<br \/>\nIstuinsyvyys 39 cm<br \/>\nIstuinkorkeus 48 cm<\/p>\n<h3>Tuotetiedot:<\/h3>\n<p>Runko: Ter\u00e4st\u00e4<br \/>\nVerhoilu: Pu-keinonahka<br \/>\nPaino: 4,5 kg<\/p>\n<p>Toimitetaan 2 kpl:n pahvipakkauksessa jalat irrallaan.<\/p>\n","protected":false},"excerpt":{"rendered":"<p>PU-keinonahalla verhoiltu ja mustilla pulverimaalatuilla metallijaloilla varustettu Stockholm -tuoli House Nordic:lta.<\/p>\n","protected":false},"featured_media":12962,"comment_status":"closed","ping_status":"closed","template":"","meta":{"_acf_changed":false,"jetpack_post_was_ever_published":false,"jetpack_publicize_message":"","jetpack_publicize_feature_enabled":true,"jetpack_social_post_already_shared":true,"jetpack_social_options":{"image_generator_settings":{"template":"highway","default_image_id":0,"font":"","enabled":false},"version":2}},"product_brand":[220],"product_cat":[194],"product_tag":[],"class_list":{"0":"post-12961","1":"product","2":"type-product","3":"status-publish","4":"has-post-thumbnail","6":"product_brand-house-nordic","7":"product_cat-ruokapoydat-ja-tuolit","8":"product_shipping_class-161","9":"pa_vari-konjakinruskea","10":"pa_vari-musta","12":"first","13":"instock","14":"sale","15":"purchasable","16":"product-type-variable"},"acf":[],"jetpack_publicize_connections":[],"jetpack_sharing_enabled":true,"jetpack-related-posts":[{"id":22190,"url":"https:\/\/pohjanmaantehtaanmyymala.fi\/sv\/tuote\/oslo-tuoli-musta\/","url_meta":{"origin":12961,"position":0},"title":"Oslo &#8211; tuoli musta","author":"Sami Viitala","date":"januari 2, 2023","format":false,"excerpt":"PU-keinonahalla verhoiltu ja mustilla pulverimaalatuilla metallijaloilla varustettu Stockholm -tuoli House Nordic:lta.","rel":"","context":"Liknande produkt","block_context":{"text":"Liknande produkt","link":""},"img":{"alt_text":"House Nordic Oslo tuoli musta","src":"https:\/\/i0.wp.com\/pohjanmaantehtaanmyymala.fi\/wp-content\/uploads\/2023\/01\/Oslo-tuoli-1001001.jpg?fit=1000%2C1000&ssl=1&resize=350%2C200","width":350,"height":200,"srcset":"https:\/\/i0.wp.com\/pohjanmaantehtaanmyymala.fi\/wp-content\/uploads\/2023\/01\/Oslo-tuoli-1001001.jpg?fit=1000%2C1000&ssl=1&resize=350%2C200 1x, https:\/\/i0.wp.com\/pohjanmaantehtaanmyymala.fi\/wp-content\/uploads\/2023\/01\/Oslo-tuoli-1001001.jpg?fit=1000%2C1000&ssl=1&resize=525%2C300 1.5x, https:\/\/i0.wp.com\/pohjanmaantehtaanmyymala.fi\/wp-content\/uploads\/2023\/01\/Oslo-tuoli-1001001.jpg?fit=1000%2C1000&ssl=1&resize=700%2C400 2x"},"classes":[]},{"id":18799,"url":"https:\/\/pohjanmaantehtaanmyymala.fi\/sv\/tuote\/stockholm-tuoli-roosa\/","url_meta":{"origin":12961,"position":1},"title":"Stockholm &#8211; tuoli, roosa","author":"Sami Viitala","date":"november 5, 2021","format":false,"excerpt":"Edullinen tuoli House Nordicilta.","rel":"","context":"Liknande produkt","block_context":{"text":"Liknande produkt","link":""},"img":{"alt_text":"House Nordic Stocholm-tuoli roosa ty\u00f6huoneessa","src":"https:\/\/i0.wp.com\/pohjanmaantehtaanmyymala.fi\/wp-content\/uploads\/2021\/11\/Stockoholm-tuoli-miljoo-1001122.jpg?fit=1000%2C1000&ssl=1&resize=350%2C200","width":350,"height":200,"srcset":"https:\/\/i0.wp.com\/pohjanmaantehtaanmyymala.fi\/wp-content\/uploads\/2021\/11\/Stockoholm-tuoli-miljoo-1001122.jpg?fit=1000%2C1000&ssl=1&resize=350%2C200 1x, https:\/\/i0.wp.com\/pohjanmaantehtaanmyymala.fi\/wp-content\/uploads\/2021\/11\/Stockoholm-tuoli-miljoo-1001122.jpg?fit=1000%2C1000&ssl=1&resize=525%2C300 1.5x, https:\/\/i0.wp.com\/pohjanmaantehtaanmyymala.fi\/wp-content\/uploads\/2021\/11\/Stockoholm-tuoli-miljoo-1001122.jpg?fit=1000%2C1000&ssl=1&resize=700%2C400 2x"},"classes":[]},{"id":13056,"url":"https:\/\/pohjanmaantehtaanmyymala.fi\/sv\/tuote\/house-nordic-vojens-ruokapoyta-120-cm\/","url_meta":{"origin":12961,"position":2},"title":"House Nordic Vojens -ruokap\u00f6yt\u00e4 120 cm","author":"Sami Viitala","date":"september 17, 2020","format":false,"excerpt":"Pieni ja tyylik\u00e4s ruokap\u00f6yt\u00e4 vaikka opiskelija-asuntoon.","rel":"","context":"Liknande produkt","block_context":{"text":"Liknande produkt","link":""},"img":{"alt_text":"Vojens p\u00f6yt\u00e4 80x120 cm puunv\u00e4riset jalat ja valkoinen kansi","src":"https:\/\/i0.wp.com\/pohjanmaantehtaanmyymala.fi\/wp-content\/uploads\/2020\/09\/Vojens_2201030.jpg?fit=960%2C960&ssl=1&resize=350%2C200","width":350,"height":200,"srcset":"https:\/\/i0.wp.com\/pohjanmaantehtaanmyymala.fi\/wp-content\/uploads\/2020\/09\/Vojens_2201030.jpg?fit=960%2C960&ssl=1&resize=350%2C200 1x, https:\/\/i0.wp.com\/pohjanmaantehtaanmyymala.fi\/wp-content\/uploads\/2020\/09\/Vojens_2201030.jpg?fit=960%2C960&ssl=1&resize=525%2C300 1.5x, https:\/\/i0.wp.com\/pohjanmaantehtaanmyymala.fi\/wp-content\/uploads\/2020\/09\/Vojens_2201030.jpg?fit=960%2C960&ssl=1&resize=700%2C400 2x"},"classes":[]},{"id":18855,"url":"https:\/\/pohjanmaantehtaanmyymala.fi\/sv\/tuote\/harbo-tuoli-pyoriva-pu-nahka\/","url_meta":{"origin":12961,"position":3},"title":"Harbo -tuoli py\u00f6riv\u00e4, musta pu-nahka","author":"Sami Viitala","date":"november 6, 2021","format":false,"excerpt":"Py\u00f6riv\u00e4 keitti\u00f6n tuoli eri v\u00e4reiss\u00e4 House Nordicilta.","rel":"","context":"Liknande produkt","block_context":{"text":"Liknande produkt","link":""},"img":{"alt_text":"Harbo tuoli p\u00f6yriv\u00e4 pu-nahka musta","src":"https:\/\/i0.wp.com\/pohjanmaantehtaanmyymala.fi\/wp-content\/uploads\/2021\/11\/Harbo-tuoli-musta1001167.jpg?fit=1200%2C1200&ssl=1&resize=350%2C200","width":350,"height":200,"srcset":"https:\/\/i0.wp.com\/pohjanmaantehtaanmyymala.fi\/wp-content\/uploads\/2021\/11\/Harbo-tuoli-musta1001167.jpg?fit=1200%2C1200&ssl=1&resize=350%2C200 1x, https:\/\/i0.wp.com\/pohjanmaantehtaanmyymala.fi\/wp-content\/uploads\/2021\/11\/Harbo-tuoli-musta1001167.jpg?fit=1200%2C1200&ssl=1&resize=525%2C300 1.5x, https:\/\/i0.wp.com\/pohjanmaantehtaanmyymala.fi\/wp-content\/uploads\/2021\/11\/Harbo-tuoli-musta1001167.jpg?fit=1200%2C1200&ssl=1&resize=700%2C400 2x, https:\/\/i0.wp.com\/pohjanmaantehtaanmyymala.fi\/wp-content\/uploads\/2021\/11\/Harbo-tuoli-musta1001167.jpg?fit=1200%2C1200&ssl=1&resize=1050%2C600 3x"},"classes":[]},{"id":18931,"url":"https:\/\/pohjanmaantehtaanmyymala.fi\/sv\/tuote\/harbo-tuoli-pu-nahka-musta\/","url_meta":{"origin":12961,"position":4},"title":"Harbo -tuoli, pu-nahka musta","author":"Sami Viitala","date":"november 10, 2021","format":false,"excerpt":"Tyylik\u00e4s keinonahkainen k\u00e4sinojatuoli House Nordicilta.","rel":"","context":"Liknande produkt","block_context":{"text":"Liknande produkt","link":""},"img":{"alt_text":"Harbo k\u00e4sinoja tuoli musta pu-nahka","src":"https:\/\/i0.wp.com\/pohjanmaantehtaanmyymala.fi\/wp-content\/uploads\/2021\/11\/Harbo-tuoli-msuta-1001153.jpg?fit=1000%2C1000&ssl=1&resize=350%2C200","width":350,"height":200,"srcset":"https:\/\/i0.wp.com\/pohjanmaantehtaanmyymala.fi\/wp-content\/uploads\/2021\/11\/Harbo-tuoli-msuta-1001153.jpg?fit=1000%2C1000&ssl=1&resize=350%2C200 1x, https:\/\/i0.wp.com\/pohjanmaantehtaanmyymala.fi\/wp-content\/uploads\/2021\/11\/Harbo-tuoli-msuta-1001153.jpg?fit=1000%2C1000&ssl=1&resize=525%2C300 1.5x, https:\/\/i0.wp.com\/pohjanmaantehtaanmyymala.fi\/wp-content\/uploads\/2021\/11\/Harbo-tuoli-msuta-1001153.jpg?fit=1000%2C1000&ssl=1&resize=700%2C400 2x"},"classes":[]},{"id":13037,"url":"https:\/\/pohjanmaantehtaanmyymala.fi\/sv\/tuote\/house-nordic-toulon-ruokapoyta-140-cm-tammi\/","url_meta":{"origin":12961,"position":5},"title":"House Nordic Toulon -ruokap\u00f6yt\u00e4 140 cm tammi","author":"Sami Viitala","date":"september 17, 2020","format":false,"excerpt":"Tyylik\u00e4s lankkup\u00f6yt\u00e4 pienempiin tiloihin.","rel":"","context":"Liknande produkt","block_context":{"text":"Liknande produkt","link":""},"img":{"alt_text":"Toulon ruokap\u00f6yt\u00e4 tammi 140 cm","src":"https:\/\/i0.wp.com\/pohjanmaantehtaanmyymala.fi\/wp-content\/uploads\/2020\/09\/Toulon-poyta-140.jpg?fit=1200%2C1200&ssl=1&resize=350%2C200","width":350,"height":200,"srcset":"https:\/\/i0.wp.com\/pohjanmaantehtaanmyymala.fi\/wp-content\/uploads\/2020\/09\/Toulon-poyta-140.jpg?fit=1200%2C1200&ssl=1&resize=350%2C200 1x, https:\/\/i0.wp.com\/pohjanmaantehtaanmyymala.fi\/wp-content\/uploads\/2020\/09\/Toulon-poyta-140.jpg?fit=1200%2C1200&ssl=1&resize=525%2C300 1.5x, https:\/\/i0.wp.com\/pohjanmaantehtaanmyymala.fi\/wp-content\/uploads\/2020\/09\/Toulon-poyta-140.jpg?fit=1200%2C1200&ssl=1&resize=700%2C400 2x, https:\/\/i0.wp.com\/pohjanmaantehtaanmyymala.fi\/wp-content\/uploads\/2020\/09\/Toulon-poyta-140.jpg?fit=1200%2C1200&ssl=1&resize=1050%2C600 3x"},"classes":[]}],"_links":{"self":[{"href":"https:\/\/pohjanmaantehtaanmyymala.fi\/sv\/wp-json\/wp\/v2\/product\/12961","targetHints":{"allow":["GET"]}}],"collection":[{"href":"https:\/\/pohjanmaantehtaanmyymala.fi\/sv\/wp-json\/wp\/v2\/product"}],"about":[{"href":"https:\/\/pohjanmaantehtaanmyymala.fi\/sv\/wp-json\/wp\/v2\/types\/product"}],"replies":[{"embeddable":true,"href":"https:\/\/pohjanmaantehtaanmyymala.fi\/sv\/wp-json\/wp\/v2\/comments?post=12961"}],"wp:featuredmedia":[{"embeddable":true,"href":"https:\/\/pohjanmaantehtaanmyymala.fi\/sv\/wp-json\/wp\/v2\/media\/12962"}],"wp:attachment":[{"href":"https:\/\/pohjanmaantehtaanmyymala.fi\/sv\/wp-json\/wp\/v2\/media?parent=12961"}],"wp:term":[{"taxonomy":"product_brand","embeddable":true,"href":"https:\/\/pohjanmaantehtaanmyymala.fi\/sv\/wp-json\/wp\/v2\/product_brand?post=12961"},{"taxonomy":"product_cat","embeddable":true,"href":"https:\/\/pohjanmaantehtaanmyymala.fi\/sv\/wp-json\/wp\/v2\/product_cat?post=12961"},{"taxonomy":"product_tag","embeddable":true,"href":"https:\/\/pohjanmaantehtaanmyymala.fi\/sv\/wp-json\/wp\/v2\/product_tag?post=12961"}],"curies":[{"name":"wp","href":"https:\/\/api.w.org\/{rel}","templated":true}]}}

<p>Siron tyylikäs Stockholm -tuoli sopii mainiosti vaikkapa ensikodin keittiön tuoliksi tai ihan vaan istuimeksi sellaisenaan.</p>
<p>Värivaihtoehdot ovat konjakinruskea tai musta.</p>
<h3>Mittatiedot:</h3>
<p>Leveys 47 cm, Pituus 50 cm, Korkeus 88 cm<br />
Istuinsyvyys 39 cm<br />
Istuinkorkeus 48 cm</p>
<h3>Tuotetiedot:</h3>
<p>Runko: Terästä<br />
Verhoilu: Pu-keinonahka<br />
Paino: 4,5 kg</p>
<p>Toimitetaan 2 kpl:n pahvipakkauksessa jalat irrallaan.</p>

House Nordic Stocholm-tuoli roosa työhuoneessa

House Nordic Vojens -ruokapöytä 120 cm

Pieni ja tyylikäs ruokapöytä vaikka opiskelija-asuntoon.

Vojens pöytä 80x120 cm puunväriset jalat ja valkoinen kansi

Harbo -tuoli pyörivä, musta pu-nahka

Pyörivä keittiön tuoli eri väreissä House Nordicilta.

Harbo tuoli pöyrivä pu-nahka musta

Tyylikäs keinonahkainen käsinojatuoli House Nordicilta.

Harbo käsinoja tuoli musta pu-nahka

House Nordic Toulon -ruokapöytä 140 cm tammi

Tyylikäs lankkupöytä pienempiin tiloihin.

Toulon ruokapöytä tammi 140 cm
