{"id":2159,"date":"2018-11-21T09:03:58","date_gmt":"2018-11-21T07:03:58","guid":{"rendered":"https:\/\/pohjanmaantehtaanmyymala.fi\/?page_id=2159"},"modified":"2020-09-02T13:27:21","modified_gmt":"2020-09-02T11:27:21","slug":"butiken","status":"publish","type":"page","link":"https:\/\/pohjanmaantehtaanmyymala.fi\/sv\/butiken\/","title":{"rendered":"Butiken"},"content":{"rendered":"<div id='full_slider_1'  class='avia-fullwidth-slider main_color avia-shadow   avia-builder-el-0  el_before_av_section  avia-builder-el-first   container_wrap sidebar_right'  >\n<style type=\"text\/css\" data-created_by=\"avia_inline_auto\" id=\"style-css-av-8k7lj-2ccf04b755682e0b8b6193817681002c\">\n#top #wrap_all .avia-slideshow .av-slideshow-caption.av-8k7lj-2ccf04b755682e0b8b6193817681002c__0 .avia-caption-title{\nfont-size:20px;\n}\n#top .avia-slideshow .av-slideshow-caption.av-8k7lj-2ccf04b755682e0b8b6193817681002c__0 .avia-caption-content{\nfont-size:24px;\n}\n#top .avia-slideshow .av-slideshow-caption.av-8k7lj-2ccf04b755682e0b8b6193817681002c__0 .avia-caption-content p{\nfont-size:24px;\n}\n<\/style>\n<div  class='avia-slideshow av-8k7lj-2ccf04b755682e0b8b6193817681002c avia-slideshow-entry_without_sidebar av_slideshow_full avia-slide-slider av-slideshow-ui av-control-default av-slideshow-manual av-loop-once av-loop-manual-endless av-default-height-applied   avia-slideshow-1' data-slideshow-options=\"{&quot;animation&quot;:&quot;slide&quot;,&quot;autoplay&quot;:false,&quot;loop_autoplay&quot;:&quot;once&quot;,&quot;interval&quot;:5,&quot;loop_manual&quot;:&quot;manual-endless&quot;,&quot;autoplay_stopper&quot;:false,&quot;noNavigation&quot;:false,&quot;bg_slider&quot;:false,&quot;keep_padding&quot;:false,&quot;hoverpause&quot;:false,&quot;show_slide_delay&quot;:0}\"  itemprop=\"image\" itemscope=\"itemscope\" itemtype=\"https:\/\/schema.org\/ImageObject\" ><ul class='avia-slideshow-inner ' style='padding-bottom: 34.95867768595%;'><li  class='avia-slideshow-slide av-8k7lj-2ccf04b755682e0b8b6193817681002c__0  av-single-slide slide-1 slide-odd'><div data-rel='slideshow-1' class='avia-slide-wrap '   ><img decoding=\"async\" fetchpriority=\"high\" class=\"wp-image-1805 avia-img-lazy-loading-not-1805\"  src=\"https:\/\/i0.wp.com\/pohjanmaantehtaanmyymala.fi\/wp-content\/uploads\/2018\/03\/myymala.jpg?resize=1210%2C423&ssl=1\" width=\"1210\" height=\"423\" title='myymala' alt=''  itemprop=\"thumbnailUrl\"  style='min-height:360px; min-width:1030px; ' \/><\/div><\/li><\/ul><\/div><\/div>\n\n<style type=\"text\/css\" data-created_by=\"avia_inline_auto\" id=\"style-css-av-7n0uf-3a2be41d8b480c9160ea08762142feac\">\n.avia-section.av-7n0uf-3a2be41d8b480c9160ea08762142feac .av-parallax .av-parallax-inner{\nbackground-repeat:repeat;\nbackground-image:url(https:\/\/i0.wp.com\/pohjanmaantehtaanmyymala.fi\/wp-content\/uploads\/2018\/03\/info.jpg?fit=1310%2C800&ssl=1);\nbackground-position:50% 0%;\nbackground-attachment:scroll;\n}\n.avia-section.av-7n0uf-3a2be41d8b480c9160ea08762142feac .av-section-color-overlay{\nopacity:0.5;\nbackground-color:#ffffff;\n}\n<\/style>\n<div id='av_section_1'  class='avia-section av-7n0uf-3a2be41d8b480c9160ea08762142feac main_color avia-section-default avia-no-shadow  avia-builder-el-1  el_after_av_slideshow_full  el_before_av_one_half  av-parallax-section avia-bg-style-parallax av-section-color-overlay-active container_wrap sidebar_right'  data-section-bg-repeat='repeat'><div class='av-parallax' data-avia-parallax-ratio='0.3' ><div class='av-parallax-inner main_color '><\/div><\/div><div class=\"av-section-color-overlay-wrap\"><div class=\"av-section-color-overlay\"><\/div><div class='container av-section-cont-open' ><div class='template-page content  av-content-small alpha units'><div class='post-entry post-entry-type-page post-entry-2159'><div class='entry-content-wrapper clearfix'>\n<section  class='av_textblock_section av-71zo3-4005a9fd40ecfa5c149f13a13ea9c049 '   itemscope=\"itemscope\" itemtype=\"https:\/\/schema.org\/CreativeWork\" ><div class='avia_textblock'  itemprop=\"text\" ><h1>FR\u00c5N POHJANMAAN FABRIKSBUTIKEN, TILL DIN F\u00d6RDEL!<\/h1>\n<p>Pohjanmaan Fabriksbutiken finns i Syd-\u00d6sterbotten, Kurikka. Med en \u00e4rlig \u00f6sterbottnisk attityd, och genom att betj\u00e4na v\u00e5ra kunder med stor yrkesskicklighet har vi idkat m\u00f6belhandel i mer \u00e4n 20 \u00e5r. Fabriksbutikens verksamhet drivs sedan \u00e5r 1992 av Kurikka Kaluste Ab, som en separat enhet fr\u00e5n Pohjanmaan Kaluste Ab.<\/p>\n<p>Vi tillhandah\u00e5ller ett brett produktsortiment av h\u00f6g kvalitet, till f\u00f6rm\u00e5nliga priser. Fabriksbutiken erbjuder vackra och stilfulla interi\u00f6rl\u00f6sningar oberoende av din stil \u2013 trendig eller tidl\u00f6st elegant.<\/p>\n<p>Du hittar hos oss de b\u00e4sta varum\u00e4rkena och modellerna. V\u00e5r sakkunniga personal betj\u00e4nar dig p\u00e5 b\u00e4sta m\u00f6jliga s\u00e4tt. Vi hj\u00e4lper dig att hitta interi\u00f6rl\u00f6sningar enligt din smak, av k\u00e4rlek till ditt hem\u2026<\/p>\n<\/div><\/section>\n<\/div><\/div><\/div><!-- close content main div --><\/div><\/div><\/div><div id='after_section_1'  class='main_color av_default_container_wrap container_wrap sidebar_right'  ><div class='container av-section-cont-open' ><div class='template-page content  av-content-small alpha units'><div class='post-entry post-entry-type-page post-entry-2159'><div class='entry-content-wrapper clearfix'>\n\n<style type=\"text\/css\" data-created_by=\"avia_inline_auto\" id=\"style-css-av-65e4v-bb327b00a7c9323b0be267272bbfdb7d\">\n.flex_column.av-65e4v-bb327b00a7c9323b0be267272bbfdb7d{\nborder-radius:0px 0px 0px 0px;\npadding:0px 0px 0px 0px;\n}\n<\/style>\n<div  class='flex_column av-65e4v-bb327b00a7c9323b0be267272bbfdb7d av_one_half  avia-builder-el-3  el_after_av_section  el_before_av_one_half  avia-builder-el-first  first flex_column_div av-zero-column-padding  '     ><p>\n<style type=\"text\/css\" data-created_by=\"avia_inline_auto\" id=\"style-css-av-5x4df-5e749cff419ff5cc84b37c9ee54c6058\">\n.avia-image-container.av-5x4df-5e749cff419ff5cc84b37c9ee54c6058 img.avia_image{\nbox-shadow:none;\n}\n.avia-image-container.av-5x4df-5e749cff419ff5cc84b37c9ee54c6058 .av-image-caption-overlay-center{\ncolor:#ffffff;\n}\n<\/style>\n<div  class='avia-image-container av-5x4df-5e749cff419ff5cc84b37c9ee54c6058 av-styling- avia-align-center  avia-builder-el-4  el_before_av_hr  avia-builder-el-first '   itemprop=\"image\" itemscope=\"itemscope\" itemtype=\"https:\/\/schema.org\/ImageObject\" ><div class=\"avia-image-container-inner\"><div class=\"avia-image-overlay-wrap\"><img decoding=\"async\" fetchpriority=\"high\" class='wp-image-1809 avia-img-lazy-loading-not-1809 avia_image ' src=\"https:\/\/i0.wp.com\/pohjanmaantehtaanmyymala.fi\/wp-content\/uploads\/2018\/04\/kurikka-kaluste.jpg?fit=640%2C480&ssl=1\" alt='kurikka kaluste' title='kurikka-kaluste'  height=\"480\" width=\"640\"  itemprop=\"thumbnailUrl\" srcset=\"https:\/\/i0.wp.com\/pohjanmaantehtaanmyymala.fi\/wp-content\/uploads\/2018\/04\/kurikka-kaluste.jpg?w=640&amp;ssl=1 640w, https:\/\/i0.wp.com\/pohjanmaantehtaanmyymala.fi\/wp-content\/uploads\/2018\/04\/kurikka-kaluste.jpg?resize=600%2C450&amp;ssl=1 600w, https:\/\/i0.wp.com\/pohjanmaantehtaanmyymala.fi\/wp-content\/uploads\/2018\/04\/kurikka-kaluste.jpg?resize=300%2C225&amp;ssl=1 300w\" sizes=\"(max-width: 640px) 100vw, 640px\" \/><\/div><\/div><\/div><br \/>\n\n<style type=\"text\/css\" data-created_by=\"avia_inline_auto\" id=\"style-css-av-4iqhf-51bb9652e22cc1e0aa242f36e279736a\">\n#top .hr.hr-invisible.av-4iqhf-51bb9652e22cc1e0aa242f36e279736a{\nheight:20px;\n}\n<\/style>\n<div  class='hr av-4iqhf-51bb9652e22cc1e0aa242f36e279736a hr-invisible  avia-builder-el-5  el_after_av_image  avia-builder-el-last '><span class='hr-inner '><span class=\"hr-inner-style\"><\/span><\/span><\/div><\/p><\/div>\n\n<style type=\"text\/css\" data-created_by=\"avia_inline_auto\" id=\"style-css-av-2blazz-7f790517f93bdbb447c3f4bb3c1c79a7\">\n.flex_column.av-2blazz-7f790517f93bdbb447c3f4bb3c1c79a7{\nborder-radius:0px 0px 0px 0px;\npadding:0px 0px 0px 0px;\n}\n<\/style>\n<div  class='flex_column av-2blazz-7f790517f93bdbb447c3f4bb3c1c79a7 av_one_half  avia-builder-el-6  el_after_av_one_half  el_before_av_one_full  flex_column_div av-zero-column-padding  '     ><section  class='av_textblock_section av-4xbpr-fcfece707c8f2618aa9b254dbd62c57e '   itemscope=\"itemscope\" itemtype=\"https:\/\/schema.org\/CreativeWork\" ><div class='avia_textblock'  itemprop=\"text\" ><h2>Kurikka Kaluste<\/h2>\n<p>Fabriksbutiken \u00e4r bel\u00e4gen p\u00e5 samma tomt som <a href=\"http:\/\/www.pohjanmaan.se\/sv?country_code=se\" target=\"_blank\" rel=\"noopener noreferrer\"><strong>Pohjanmaan Kalustes m\u00f6belfabrik<\/strong><\/a>. Hos oss kan du enkelt hitta de flesta av hemmets m\u00f6bler som t ex de nyaste modellerna, samt m\u00e5nga klassiska favoriter. Du k\u00e4nner din stil, vi har urvalet!<\/p>\n<p>Fabriksbutiken: Kalustekatu 6, 61300 Kurikka<\/p>\n<p>tfn. 0201 450529, tehtaanmyymala(at)pohjanmaan.fi<\/p>\n<\/div><\/section><\/div>\n\n<style type=\"text\/css\" data-created_by=\"avia_inline_auto\" id=\"style-css-av-24ttb-8e26e90ccc5bf2347778be4328e86873\">\n.flex_column.av-24ttb-8e26e90ccc5bf2347778be4328e86873{\nborder-radius:0px 0px 0px 0px;\npadding:0px 0px 0px 0px;\n}\n<\/style>\n<div  class='flex_column av-24ttb-8e26e90ccc5bf2347778be4328e86873 av_one_full  avia-builder-el-8  el_after_av_one_half  avia-builder-el-last  first flex_column_div av-zero-column-padding  column-top-margin'     ><section  class='av_textblock_section av-1o9zb-9cce26118f500388f50ab154acd9254a '   itemscope=\"itemscope\" itemtype=\"https:\/\/schema.org\/CreativeWork\" ><div class='avia_textblock'  itemprop=\"text\" ><h2>POHJANMAAN FABRIKSBUTIKEN<\/h2>\n<\/div><\/section><br \/>\n<\/p><\/div>\n","protected":false},"excerpt":{"rendered":"","protected":false},"author":2,"featured_media":0,"parent":0,"menu_order":0,"comment_status":"closed","ping_status":"closed","template":"","meta":{"_acf_changed":false,"jetpack_post_was_ever_published":false,"footnotes":""},"class_list":["post-2159","page","type-page","status-publish","hentry"],"acf":[],"jetpack_sharing_enabled":true,"jetpack_shortlink":"https:\/\/wp.me\/PanG4C-yP","jetpack-related-posts":[{"id":12848,"url":"https:\/\/pohjanmaantehtaanmyymala.fi\/404-2\/","url_meta":{"origin":2159,"position":0},"title":"404","author":"Svenna Martens","date":"september 13, 2020","format":false,"excerpt":"","rel":"","context":"Liknande produkt","block_context":{"text":"Liknande produkt","link":""},"img":{"alt_text":"","src":"","width":0,"height":0},"classes":[]},{"id":2162,"url":"https:\/\/pohjanmaantehtaanmyymala.fi\/sv\/kontakt\/","url_meta":{"origin":2159,"position":1},"title":"Kontakt","author":"Svenna Martens","date":"november 21, 2018","format":false,"excerpt":"","rel":"","context":"Liknande produkt","block_context":{"text":"Liknande produkt","link":""},"img":{"alt_text":"","src":"","width":0,"height":0},"classes":[]},{"id":7283,"url":"https:\/\/pohjanmaantehtaanmyymala.fi\/sv\/seniormobler\/","url_meta":{"origin":2159,"position":2},"title":"Seniorm\u00f6bler","author":"Svenna Martens","date":"maj 30, 2019","format":false,"excerpt":"","rel":"","context":"Liknande produkt","block_context":{"text":"Liknande produkt","link":""},"img":{"alt_text":"","src":"","width":0,"height":0},"classes":[]},{"id":203,"url":"https:\/\/pohjanmaantehtaanmyymala.fi\/keittio-ruokailu\/","url_meta":{"origin":2159,"position":3},"title":"Keitti\u00f6\/Ruokailu","author":"Svenna Martens","date":"mars 26, 2018","format":false,"excerpt":"","rel":"","context":"Liknande produkt","block_context":{"text":"Liknande produkt","link":""},"img":{"alt_text":"","src":"","width":0,"height":0},"classes":[]},{"id":223,"url":"https:\/\/pohjanmaantehtaanmyymala.fi\/tyohuone\/","url_meta":{"origin":2159,"position":4},"title":"Ty\u00f6huone","author":"Svenna Martens","date":"mars 26, 2018","format":false,"excerpt":"","rel":"","context":"Liknande produkt","block_context":{"text":"Liknande produkt","link":""},"img":{"alt_text":"","src":"","width":0,"height":0},"classes":[]},{"id":231,"url":"https:\/\/pohjanmaantehtaanmyymala.fi\/piha-terassi\/","url_meta":{"origin":2159,"position":5},"title":"Piha\/Terassi","author":"Svenna Martens","date":"mars 26, 2018","format":false,"excerpt":"","rel":"","context":"Liknande produkt","block_context":{"text":"Liknande produkt","link":""},"img":{"alt_text":"","src":"","width":0,"height":0},"classes":[]}],"_links":{"self":[{"href":"https:\/\/pohjanmaantehtaanmyymala.fi\/sv\/wp-json\/wp\/v2\/pages\/2159","targetHints":{"allow":["GET"]}}],"collection":[{"href":"https:\/\/pohjanmaantehtaanmyymala.fi\/sv\/wp-json\/wp\/v2\/pages"}],"about":[{"href":"https:\/\/pohjanmaantehtaanmyymala.fi\/sv\/wp-json\/wp\/v2\/types\/page"}],"author":[{"embeddable":true,"href":"https:\/\/pohjanmaantehtaanmyymala.fi\/sv\/wp-json\/wp\/v2\/users\/2"}],"replies":[{"embeddable":true,"href":"https:\/\/pohjanmaantehtaanmyymala.fi\/sv\/wp-json\/wp\/v2\/comments?post=2159"}],"version-history":[{"count":13,"href":"https:\/\/pohjanmaantehtaanmyymala.fi\/sv\/wp-json\/wp\/v2\/pages\/2159\/revisions"}],"predecessor-version":[{"id":15146,"href":"https:\/\/pohjanmaantehtaanmyymala.fi\/sv\/wp-json\/wp\/v2\/pages\/2159\/revisions\/15146"}],"wp:attachment":[{"href":"https:\/\/pohjanmaantehtaanmyymala.fi\/sv\/wp-json\/wp\/v2\/media?parent=2159"}],"curies":[{"name":"wp","href":"https:\/\/api.w.org\/{rel}","templated":true}]}}

<div id='full_slider_1'  class='avia-fullwidth-slider main_color avia-shadow   avia-builder-el-0  el_before_av_section  avia-builder-el-first   container_wrap sidebar_right'  >
<style type="text/css" data-created_by="avia_inline_auto" id="style-css-av-8k7lj-2ccf04b755682e0b8b6193817681002c">
#top #wrap_all .avia-slideshow .av-slideshow-caption.av-8k7lj-2ccf04b755682e0b8b6193817681002c__0 .avia-caption-title{
font-size:20px;
}
#top .avia-slideshow .av-slideshow-caption.av-8k7lj-2ccf04b755682e0b8b6193817681002c__0 .avia-caption-content{
font-size:24px;
}
#top .avia-slideshow .av-slideshow-caption.av-8k7lj-2ccf04b755682e0b8b6193817681002c__0 .avia-caption-content p{
font-size:24px;
}
</style>
<div  class='avia-slideshow av-8k7lj-2ccf04b755682e0b8b6193817681002c avia-slideshow-entry_without_sidebar av_slideshow_full avia-slide-slider av-slideshow-ui av-control-default av-slideshow-manual av-loop-once av-loop-manual-endless av-default-height-applied   avia-slideshow-1' data-slideshow-options="{&quot;animation&quot;:&quot;slide&quot;,&quot;autoplay&quot;:false,&quot;loop_autoplay&quot;:&quot;once&quot;,&quot;interval&quot;:5,&quot;loop_manual&quot;:&quot;manual-endless&quot;,&quot;autoplay_stopper&quot;:false,&quot;noNavigation&quot;:false,&quot;bg_slider&quot;:false,&quot;keep_padding&quot;:false,&quot;hoverpause&quot;:false,&quot;show_slide_delay&quot;:0}"  itemprop="image" itemscope="itemscope" itemtype="https://schema.org/ImageObject" ><ul class='avia-slideshow-inner ' style='padding-bottom: 34.95867768595%;'><li  class='avia-slideshow-slide av-8k7lj-2ccf04b755682e0b8b6193817681002c__0  av-single-slide slide-1 slide-odd'><div data-rel='slideshow-1' class='avia-slide-wrap '   ><img decoding="async" fetchpriority="high" class="wp-image-1805 avia-img-lazy-loading-not-1805"  src="https://i0.wp.com/pohjanmaantehtaanmyymala.fi/wp-content/uploads/2018/03/myymala.jpg?resize=1210%2C423&ssl=1" width="1210" height="423" title='myymala' alt=''  itemprop="thumbnailUrl"  style='min-height:360px; min-width:1030px; ' /></div></li></ul></div></div>

<style type="text/css" data-created_by="avia_inline_auto" id="style-css-av-7n0uf-3a2be41d8b480c9160ea08762142feac">
.avia-section.av-7n0uf-3a2be41d8b480c9160ea08762142feac .av-parallax .av-parallax-inner{
background-repeat:repeat;
background-image:url(https://i0.wp.com/pohjanmaantehtaanmyymala.fi/wp-content/uploads/2018/03/info.jpg?fit=1310%2C800&ssl=1);
background-position:50% 0%;
background-attachment:scroll;
}
.avia-section.av-7n0uf-3a2be41d8b480c9160ea08762142feac .av-section-color-overlay{
opacity:0.5;
background-color:#ffffff;
}
</style>
<div id='av_section_1'  class='avia-section av-7n0uf-3a2be41d8b480c9160ea08762142feac main_color avia-section-default avia-no-shadow  avia-builder-el-1  el_after_av_slideshow_full  el_before_av_one_half  av-parallax-section avia-bg-style-parallax av-section-color-overlay-active container_wrap sidebar_right'  data-section-bg-repeat='repeat'><div class='av-parallax' data-avia-parallax-ratio='0.3' ><div class='av-parallax-inner main_color '></div></div><div class="av-section-color-overlay-wrap"><div class="av-section-color-overlay"></div><div class='container av-section-cont-open' ><div class='template-page content  av-content-small alpha units'><div class='post-entry post-entry-type-page post-entry-2159'><div class='entry-content-wrapper clearfix'>
<section  class='av_textblock_section av-71zo3-4005a9fd40ecfa5c149f13a13ea9c049 '   itemscope="itemscope" itemtype="https://schema.org/CreativeWork" ><div class='avia_textblock'  itemprop="text" ><h1>FRÅN POHJANMAAN FABRIKSBUTIKEN, TILL DIN FÖRDEL!</h1>
<p>Pohjanmaan Fabriksbutiken finns i Syd-Österbotten, Kurikka. Med en ärlig österbottnisk attityd, och genom att betjäna våra kunder med stor yrkesskicklighet har vi idkat möbelhandel i mer än 20 år. Fabriksbutikens verksamhet drivs sedan år 1992 av Kurikka Kaluste Ab, som en separat enhet från Pohjanmaan Kaluste Ab.</p>
<p>Vi tillhandahåller ett brett produktsortiment av hög kvalitet, till förmånliga priser. Fabriksbutiken erbjuder vackra och stilfulla interiörlösningar oberoende av din stil – trendig eller tidlöst elegant.</p>
<p>Du hittar hos oss de bästa varumärkena och modellerna. Vår sakkunniga personal betjänar dig på bästa möjliga sätt. Vi hjälper dig att hitta interiörlösningar enligt din smak, av kärlek till ditt hem…</p>
</div></section>
</div></div></div><!-- close content main div --></div></div></div><div id='after_section_1'  class='main_color av_default_container_wrap container_wrap sidebar_right'  ><div class='container av-section-cont-open' ><div class='template-page content  av-content-small alpha units'><div class='post-entry post-entry-type-page post-entry-2159'><div class='entry-content-wrapper clearfix'>

<style type="text/css" data-created_by="avia_inline_auto" id="style-css-av-65e4v-bb327b00a7c9323b0be267272bbfdb7d">
.flex_column.av-65e4v-bb327b00a7c9323b0be267272bbfdb7d{
border-radius:0px 0px 0px 0px;
padding:0px 0px 0px 0px;
}
</style>
<div  class='flex_column av-65e4v-bb327b00a7c9323b0be267272bbfdb7d av_one_half  avia-builder-el-3  el_after_av_section  el_before_av_one_half  avia-builder-el-first  first flex_column_div av-zero-column-padding  '     ><p>
<style type="text/css" data-created_by="avia_inline_auto" id="style-css-av-5x4df-5e749cff419ff5cc84b37c9ee54c6058">
.avia-image-container.av-5x4df-5e749cff419ff5cc84b37c9ee54c6058 img.avia_image{
box-shadow:none;
}
.avia-image-container.av-5x4df-5e749cff419ff5cc84b37c9ee54c6058 .av-image-caption-overlay-center{
color:#ffffff;
}
</style>
<div  class='avia-image-container av-5x4df-5e749cff419ff5cc84b37c9ee54c6058 av-styling- avia-align-center  avia-builder-el-4  el_before_av_hr  avia-builder-el-first '   itemprop="image" itemscope="itemscope" itemtype="https://schema.org/ImageObject" ><div class="avia-image-container-inner"><div class="avia-image-overlay-wrap"><img decoding="async" fetchpriority="high" class='wp-image-1809 avia-img-lazy-loading-not-1809 avia_image ' src="https://i0.wp.com/pohjanmaantehtaanmyymala.fi/wp-content/uploads/2018/04/kurikka-kaluste.jpg?fit=640%2C480&ssl=1" alt='kurikka kaluste' title='kurikka-kaluste'  height="480" width="640"  itemprop="thumbnailUrl" srcset="https://i0.wp.com/pohjanmaantehtaanmyymala.fi/wp-content/uploads/2018/04/kurikka-kaluste.jpg?w=640&amp;ssl=1 640w, https://i0.wp.com/pohjanmaantehtaanmyymala.fi/wp-content/uploads/2018/04/kurikka-kaluste.jpg?resize=600%2C450&amp;ssl=1 600w, https://i0.wp.com/pohjanmaantehtaanmyymala.fi/wp-content/uploads/2018/04/kurikka-kaluste.jpg?resize=300%2C225&amp;ssl=1 300w" sizes="(max-width: 640px) 100vw, 640px" /></div></div></div><br />

<style type="text/css" data-created_by="avia_inline_auto" id="style-css-av-4iqhf-51bb9652e22cc1e0aa242f36e279736a">
#top .hr.hr-invisible.av-4iqhf-51bb9652e22cc1e0aa242f36e279736a{
height:20px;
}
</style>
<div  class='hr av-4iqhf-51bb9652e22cc1e0aa242f36e279736a hr-invisible  avia-builder-el-5  el_after_av_image  avia-builder-el-last '><span class='hr-inner '><span class="hr-inner-style"></span></span></div></p></div>

<style type="text/css" data-created_by="avia_inline_auto" id="style-css-av-2blazz-7f790517f93bdbb447c3f4bb3c1c79a7">
.flex_column.av-2blazz-7f790517f93bdbb447c3f4bb3c1c79a7{
border-radius:0px 0px 0px 0px;
padding:0px 0px 0px 0px;
}
</style>
<div  class='flex_column av-2blazz-7f790517f93bdbb447c3f4bb3c1c79a7 av_one_half  avia-builder-el-6  el_after_av_one_half  el_before_av_one_full  flex_column_div av-zero-column-padding  '     ><section  class='av_textblock_section av-4xbpr-fcfece707c8f2618aa9b254dbd62c57e '   itemscope="itemscope" itemtype="https://schema.org/CreativeWork" ><div class='avia_textblock'  itemprop="text" ><h2>Kurikka Kaluste</h2>
<p>Fabriksbutiken är belägen på samma tomt som <a href="http://www.pohjanmaan.se/sv?country_code=se" target="_blank" rel="noopener noreferrer"><strong>Pohjanmaan Kalustes möbelfabrik</strong></a>. Hos oss kan du enkelt hitta de flesta av hemmets möbler som t ex de nyaste modellerna, samt många klassiska favoriter. Du känner din stil, vi har urvalet!</p>
<p>Fabriksbutiken: Kalustekatu 6, 61300 Kurikka</p>
<p>tfn. 0201 450529, tehtaanmyymala(at)pohjanmaan.fi</p>
</div></section></div>

<style type="text/css" data-created_by="avia_inline_auto" id="style-css-av-24ttb-8e26e90ccc5bf2347778be4328e86873">
.flex_column.av-24ttb-8e26e90ccc5bf2347778be4328e86873{
border-radius:0px 0px 0px 0px;
padding:0px 0px 0px 0px;
}
</style>
<div  class='flex_column av-24ttb-8e26e90ccc5bf2347778be4328e86873 av_one_full  avia-builder-el-8  el_after_av_one_half  avia-builder-el-last  first flex_column_div av-zero-column-padding  column-top-margin'     ><section  class='av_textblock_section av-1o9zb-9cce26118f500388f50ab154acd9254a '   itemscope="itemscope" itemtype="https://schema.org/CreativeWork" ><div class='avia_textblock'  itemprop="text" ><h2>POHJANMAAN FABRIKSBUTIKEN</h2>
</div></section><br />
</p></div>

Seniormöbler

Keittiö/Ruokailu

Työhuone
